hen 305598 is divided by 28?
6
What is the remainder when 5082693 is divided by 220985?
38
Calculate the remainder when 7657 is divided by 1948.
1813
Calculate the remainder when 1558691 is divided by 32.
3
What is the remainder when 39797425 is divided by 19898705?
15
What is the remainder when 775553 is divided by 258501?
50
What is the remainder when 68800353 is divided by 194?
193
Calculate the remainder when 8595 is divided by 8275.
320
Calculate the remainder when 750963 is divided by 5179.
8
What is the remainder when 174684 is divided by 49?
48
Calculate the remainder when 522125727 is divided by 126.
123
Calculate the remainder when 463863 is divided by 1712.
1623
What is the remainder when 41366153 is divided by 132?
125
Calculate the remainder when 3737545 is divided by 1868765.
15
What is the remainder when 224120 is divided by 2110?
460
Calculate the remainder when 5687683 is divided by 1421916.
19
What is the remainder when 73603 is divided by 66349?
7254
Calculate the remainder when 10191239 is divided by 3025.
14
What is the remainder when 413954 is divided by 914?
826
Calculate the remainder when 6151729 is divided by 82023.
4
What is the remainder when 2002143 is divided by 2002116?
27
What is the remainder when 3574662 is divided by 3574450?
212
What is the remainder when 14825387 is divided by 5137?
5
What is the remainder when 10835081 is divided by 515?
511
Calculate the remainder when 3012029 is divided by 76.
73
What is the remainder when 2829953 is divided by 8816?
17
What is the remainder when 161960077 is divided by 40490017?
9
What is the remainder when 1724195 is divided by 413?
333
What is the remainder when 380499 is divided by 557?
68
Calculate the remainder when 28574 is divided by 566.
274
What is the remainder when 2445454 is divided by 35?
4
Calculate the remainder when 870153 is divided by 15537.
81
What is the remainder when 27218992 is divided by 25?
17
Calculate the remainder when 5529 is divided by 863.
351
What is the remainder when 10721095 is divided by 72?
7
Calculate the remainder when 60933 is divided by 29134.
2665
Calculate the remainder when 19225 is divided by 1366.
101
Calculate the remainder when 5855854 is divided by 10.
4
Calculate the remainder when 317674 is divided by 44656.
5082
Calculate the remainder when 22022 is divided by 7259.
245
Calculate the remainder when 145343 is divided by 36165.
683
Calculate the remainder when 2489577 is divided by 220.
57
Calculate the remainder when 31896763 is divided by 124.
119
What is the remainder when 132312 is divided by 659?
512
What is the remainder when 1352298199 is divided by 2035?
2034
What is the remainder when 262527511 is divided by 1412?
1411
What is the remainder when 9827 is divided by 4833?
161
What is the remainder when 79177 is divided by 39481?
215
What is the remainder when 5458293 is divided by 2729088?
117
What is the remainder when 137754237 is divided by 2080?
2077
What is the remainder when 2250 is divided by 51?
6
Calculate the remainder when 74241077 is divided by 4.
1
Calculate the remainder when 5131564 is divided by 198.
196
What is the remainder when 59746690 is divided by 140912?
2
Calculate the remainder when 8347240 is divided by 882.
874
What is the remainder when 847005631 is divided by 44?
43
What is the remainder when 5469582 is divided by 34?
2
Calculate the remainder when 1476177 is divided by 26.
1
What is the remainder when 297992 is divided by 3506?
3488
Calculate the remainder when 1511357 is divided by 224.
29
What is the remainder when 866747 is divided by 10700?
47
What is the remainder when 77923 is divided by 11114?
125
Calculate the remainder when 447920 is divided by 149303.
11
Calculate the remainder when 323143 is divided by 1134.
1087
Calculate the remainder when 1817472 is divided by 151456.
0
What is the remainder when 224007 is divided by 22397?
37
What is the remainder when 659640 is divided by 96?
24
What is the remainder when 1870299 is divided by 40648?
491
What is the remainder when 2060746 is divided by 137382?
16
Calculate the remainder when 7852678 is divided by 58.
0
Calculate the remainder when 9347 is divided by 1331.
30
What is the remainder when 61505 is divided by 8732?
381
Calculate the remainder when 3491464 is divided by 581898.
76
What is the remainder when 606024 is divided by 4422?
210
What is the remainder when 7474732 is divided by 26?
18
What is the remainder when 781465 is divided by 10043?
8154
Calculate the remainder when 91650 is divided by 1996.
1830
Calculate the remainder when 3619910 is divided by 2261.
49
What is the remainder when 9438949 is divided by 17351?
5
Calculate the remainder when 1244050 is divided by 972.
862
What is the remainder when 39825 is divided by 1286?
1245
Calculate the remainder when 1463485 is divided by 606.
601
What is the remainder when 119007165 is divided by 194?
193
What is the remainder when 2267865 is divided by 369?
360
What is the remainder when 905781 is divided by 3444?
9
What is the remainder when 276003 is divided by 49?
35
What is the remainder when 2784546 is divided by 11412?
18
Calculate the remainder when 17078584 is divided by 19211.
5
What is the remainder when 411840 is divided by 371?
30
Calculate the remainder when 1886830 is divided by 18312.
694
What is the remainder when 420291 is divided by 140095?
6
What is the remainder when 6209 is divided by 865?
154
What is the remainder when 127754 is divided by 8311?
3089
Calculate the remainder when 127309831 is divided by 209.
198
Calculate the remainder when 1040411 is divided by 5176.
35
What is the remainder when 668708 is divided by 60?
8
Calculate the remainder when 28528 is divided by 13544.
1440
What is the remainder when 67209 is divided by 1160?
1089
Calculate the remainder when 1262325 is divided by 1262253.
72
What is the remainder when 384236 is divided by 25372?
3656
What is the remainder when 30839 is divided by 221?
120
Calculate the remainder when 1757937 is divided by 33.
27
Calculate the remainder when 1452170 is divided by 355.
220
Calculate the remainder when 3224790 is divided by 187.
162
Calculate the remainder when 711403 is divided by 2340.
43
Calculate the remainder when 134745623 is divided by 1604.
1603
What is the remainder when 136101 is divided by 67982?
137
Calculate the remainder when 14094 is divided by 2294.
330
Calculate the remainder when 595739660 is divided by 5772.
5768
What is the remainder when 11837945 is divided by 1615?
1610
Calculate the remainder when 15437574 is divided by 374.
350
What is the remainder when 792986 is divided by 4456?
4274
Calculate the remainder when 794476 is divided by 1746.
46
Calculate the remainder when 2119693 is divided by 706563.
4
Calculate the remainder when 2932625 is divided by 145.
0
What is the remainder when 503652 is divided by 2171?
2151
What is the remainder when 2425615 is divided by 4585?
150
What is the remainder when 1122312 is divided by 124700?
12
Calculate the remainder when 2278059 is divided by 671.
14
What is the remainder when 30179514 is divided by 2321500?
14
What is the remainder when 514497 is divided by 84574?
7053
What is the remainder when 10933262 is divided by 5?
2
What is the remainder when 62781 is divided by 31143?
495
Calculate the remainder when 447681 is divided by 18651.
57
Calculate the remainder when 4530579 is divided by 27458.
9
Calculate the remainder when 4441391 is divided by 60.
11
What is the remainder when 527034 is divided by 303?
117
What is the remainder when 824137 is divided by 146?
113
What is the remainder when 13958232 is divided by 31?
17
Calculate the remainder when 66812811 is divided by 5443.
5429
What is the remainder when 48730699 is divided by 178?
173
Calculate the remainder when 9746318 is divided by 22.
10
Calculate the remainder when 3197249 is divided by 2610.
2609
What is the remainder when 2277229 is divided by 759073?
10
What is the remainder when 33995052 is divided by 1466?
1444
What is the remainder when 17359651 is divided by 13?
10
Calculate the remainder when 932198 is divided by 6174.
6098
Calculate the remainder when 11314904 is divided by 6103.
6045
What is the remainder when 2028 is divided by 605?
213
What is th